{"id":2506,"date":"2021-12-16T17:46:39","date_gmt":"2021-12-16T15:46:39","guid":{"rendered":"http:\/\/experienciesculturals.cat\/botiga\/"},"modified":"2025-07-24T15:44:13","modified_gmt":"2025-07-24T13:44:13","slug":"botiga","status":"publish","type":"page","link":"https:\/\/www.experienciesculturals.cat\/es\/botiga\/","title":{"rendered":"Tienda"},"content":{"rendered":"<p>[et_pb_section fb_built=\u00bb1&#8243; custom_padding_last_edited=\u00bbon|desktop\u00bb admin_label=\u00bbHeader\u00bb _builder_version=\u00bb4.16&#8243; background_color=\u00bb#242e42&#8243; background_image=\u00bbhttps:\/\/www.experienciesculturals.cat\/wp-content\/uploads\/2021\/12\/rocas-dark.jpg\u00bb background_size=\u00bbcontain\u00bb background_position=\u00bbtop_center\u00bb custom_padding=\u00bb||0px||false|false\u00bb custom_padding_tablet=\u00bb0px||5vw\u00bb custom_padding_phone=\u00bb\u00bb box_shadow_vertical_tablet=\u00bb\u00bb box_shadow_vertical_phone=\u00bb\u00bb box_shadow_vertical_last_edited=\u00bbon|tablet\u00bb locked=\u00bboff\u00bb global_colors_info=\u00bb{}\u00bb][et_pb_row _builder_version=\u00bb4.16&#8243; module_alignment=\u00bbcenter\u00bb locked=\u00bboff\u00bb global_colors_info=\u00bb{}\u00bb][et_pb_column type=\u00bb4_4&#8243; _builder_version=\u00bb4.16&#8243; custom_padding=\u00bb|||\u00bb global_colors_info=\u00bb{}\u00bb custom_padding__hover=\u00bb|||\u00bb][et_pb_text _builder_version=\u00bb4.16&#8243; text_font=\u00bbLato||||||||\u00bb text_font_size=\u00bb22px\u00bb text_line_height=\u00bb1.8em\u00bb header_font=\u00bbPT Serif|700|||||||\u00bb header_font_size=\u00bb80px\u00bb header_line_height=\u00bb1.2em\u00bb background_layout=\u00bbdark\u00bb text_font_size_tablet=\u00bb\u00bb text_font_size_phone=\u00bb18px\u00bb text_font_size_last_edited=\u00bbon|phone\u00bb header_font_size_tablet=\u00bb60px\u00bb header_font_size_phone=\u00bb36px\u00bb header_font_size_last_edited=\u00bbon|phone\u00bb global_colors_info=\u00bb{}\u00bb]<\/p>\n<h1>Tienda<\/h1>\n<p>[\/et_pb_text][et_pb_divider color=\u00bb#ffffff\u00bb divider_weight=\u00bb5px\u00bb _builder_version=\u00bb4.16&#8243; max_width=\u00bb100px\u00bb locked=\u00bboff\u00bb global_colors_info=\u00bb{}\u00bb][\/et_pb_divider][et_pb_text _builder_version=\u00bb4.16&#8243; _module_preset=\u00bbdefault\u00bb header_2_font=\u00bbOpen Sans Condensed|700|||||||\u00bb header_2_text_color=\u00bb#FFFFFF\u00bb header_2_font_size=\u00bb48px\u00bb global_colors_info=\u00bb{}\u00bb]<\/p>\n<h2>Vive o Regala una Experiencia Cultural!<\/h2>\n<p>[\/et_pb_text][\/et_pb_column][\/et_pb_row][\/et_pb_section][et_pb_section fb_built=\u00bb1&#8243; _builder_version=\u00bb4.16&#8243; _module_preset=\u00bbdefault\u00bb global_colors_info=\u00bb{}\u00bb][et_pb_row _builder_version=\u00bb4.16&#8243; _module_preset=\u00bbdefault\u00bb global_colors_info=\u00bb{}\u00bb][et_pb_column type=\u00bb4_4&#8243; _builder_version=\u00bb4.16&#8243; _module_preset=\u00bbdefault\u00bb global_colors_info=\u00bb{}\u00bb][et_pb_text admin_label=\u00bbPresentacio\u00bb _builder_version=\u00bb4.27.4&#8243; _module_preset=\u00bbdefault\u00bb global_colors_info=\u00bb{}\u00bb]<\/p>\n<p>Os ofrecemos varias propuestas y promociones para que pod\u00e1is <strong>vivir o regalar una Experiencia Cultural<\/strong>, para adentraros <strong>en la Selva<\/strong> m\u00e1s sorprendente y desconocida donde podr\u00e9is disfrutar del patrimonio cultural y natural.<\/p>\n<p>Nuestras <strong>actividades<\/strong> siempre son <strong>presenciales y de proximidad, en grupos reducidos<\/strong>, porque consideramos que se debe pisar la tierra y <strong>vivir las cosas in situ<\/strong>. Y sobre todo <strong>parte de la experiencia tambi\u00e9n sois vosotros con vuestra interacci\u00f3n y participaci\u00f3n<\/strong>.\u00a0<\/p>\n<p><strong>Descubrir<\/strong> nuestro pa\u00eds, <strong>disfrutar<\/strong> del patrimonio, <strong>inspirarse<\/strong> observando, <strong>fotografiar<\/strong> detalles arquitect\u00f3nicos o naturales, <strong>pisar<\/strong> el territorio y <strong>respirar<\/strong> la naturaleza. Estas son algunas de las <strong>propuestas<\/strong> que os invitamos a hacer con nuestras <strong>Experiencias Culturales: Visitas con el arque\u00f3logo, Visitas o Rutas Culturales y Rutas de Descubrimiento<\/strong>.<\/p>\n<p><strong>Las actividades disponibles en la tienda en l\u00ednea pueden ser para consumo propio o en formato vale regalo<\/strong> (si complet\u00e1is la informaci\u00f3n adicional, os enviaremos el vale regalo por correo electr\u00f3nico). Las propuestas son de diferentes caracter\u00edsticas e importes, y tambi\u00e9n <strong>os las podemos preparar a medida<\/strong>. Si no encontr\u00e1is lo que busc\u00e1is, contactad con nosotros y lo hablamos. Tenemos otras <strong>actividades en cat\u00e1logo<\/strong> que tambi\u00e9n est\u00e1n <strong>disponibles para grupos con reserva previa<\/strong>.<\/p>\n<p><em><strong>\u00a1Una experiencia \u00fanica y muy especial, ideal para grupos privados y reducidos!<\/strong><\/em><\/p>\n<p><em>*Haciendo esta actividad est\u00e1is apoyando peque\u00f1as empresas familiares, como nosotros, a la vez que dais a conocer la historia y la cultura de nuestro pa\u00eds<\/em><\/p>\n<p>[\/et_pb_text][\/et_pb_column][\/et_pb_row][\/et_pb_section][et_pb_section fb_built=\u00bb1&#8243; _builder_version=\u00bb4.16&#8243; _module_preset=\u00bbdefault\u00bb global_colors_info=\u00bb{}\u00bb][et_pb_row _builder_version=\u00bb4.16&#8243; _module_preset=\u00bbdefault\u00bb global_colors_info=\u00bb{}\u00bb][et_pb_column type=\u00bb4_4&#8243; _builder_version=\u00bb4.16&#8243; _module_preset=\u00bbdefault\u00bb global_colors_info=\u00bb{}\u00bb][et_pb_shop type=\u00bbproduct_category\u00bb posts_number=\u00bb16&#8243; _builder_version=\u00bb4.27.4&#8243; _module_preset=\u00bbdefault\u00bb hover_enabled=\u00bb0&#8243; global_colors_info=\u00bb{}\u00bb sticky_enabled=\u00bb0&#8243;][\/et_pb_shop][\/et_pb_column][\/et_pb_row][\/et_pb_section][et_pb_section fb_built=\u00bb1&#8243; _builder_version=\u00bb4.16&#8243; _module_preset=\u00bbdefault\u00bb global_colors_info=\u00bb{}\u00bb][et_pb_row _builder_version=\u00bb4.16&#8243; _module_preset=\u00bbdefault\u00bb global_colors_info=\u00bb{}\u00bb][et_pb_column type=\u00bb4_4&#8243; _builder_version=\u00bb4.16&#8243; _module_preset=\u00bbdefault\u00bb global_colors_info=\u00bb{}\u00bb][et_pb_text _builder_version=\u00bb4.27.4&#8243; _module_preset=\u00bbdefault\u00bb global_colors_info=\u00bb{}\u00bb]<\/p>\n<h3>\u00bfQu\u00e9 incluye?<\/h3>\n<ul>\n<li>Incluye la realizaci\u00f3n de la Experiencia Cultural escogida con un historiador y\/o arque\u00f3logo profesional.<\/li>\n<li>El vale se podr\u00e1 canjear hasta el 30 de noviembre del a\u00f1o en curso en una fecha concertada (grupo privado).<\/li>\n<li>Los precios de las actividades incluyen el IVA.<\/li>\n<li>Cuando son actividades en fechas programadas, el precio es por persona y para la fecha concreta (ya se indica).<\/li>\n<li>Cuando las actividades son un vale con fecha a escoger por el consumidor hasta el 30 de noviembre del a\u00f1o en curso, el precio es por grupo (Grupos de 2, 5 o 10 personas)<\/li>\n<li>Para grupos mayores o para p\u00fablicos espec\u00edficos, consultar.<\/li>\n<\/ul>\n<h3>Condiciones de las actividades:<\/h3>\n<ul>\n<li>Experiencias disponibles todo el a\u00f1o. V\u00e1lido hasta el 30 de noviembre del a\u00f1o en curso.<\/li>\n<li>Es necesario hacer la reserva de la fecha de la actividad con cierta antelaci\u00f3n, para confirmar disponibilidad.<\/li>\n<li>Las actividades de esta promoci\u00f3n son para grupos m\u00e1ximos de 10 personas (para grupos mayores, consultadnos).\u00a0<\/li>\n<li>La compra de las actividades se puede hacer a trav\u00e9s de la tienda en l\u00ednea o, si se desea una actividad a medida, consultadnos para hacer un presupuesto. Se establece la transferencia bancaria como sistema de pago de las actividades.<\/li>\n<li>La duraci\u00f3n de la visita, seg\u00fan actividad, es de 1,5h a 3h aprox.<\/li>\n<\/ul>\n<h3>\u00bfC\u00f3mo hacer la compra de la actividad o del vale regalo<\/h3>\n<p><strong>Para comprar las actividades disponibles en la tienda, para consumo propio o para hacer un vale regalo:<\/strong><\/p>\n<ol>\n<li>Visitad la web, seleccionad la actividad que m\u00e1s os interese y metedla en el carrito.<\/li>\n<li>Si es para un vale regalo, recordad rellenar el apartado \u00abinformaci\u00f3n adicional\u00bb con un texto breve para incluir. Ejemplo: Para Laura y familia, de parte de sus amigos (M\u00e1x. 125 caracteres para incluir en el vale regalo). Si es en una fecha concreta que ya nos hab\u00e9is reservado, tambi\u00e9n la incluiremos. Si no, indicaremos hasta cuando tiene validez y que se debe hacer la reserva con cierta antelaci\u00f3n.<\/li>\n<li>Para dudas o m\u00e1s informaci\u00f3n, enviad un correo electr\u00f3nico a info@atri.cat o bien llamad a los tel\u00e9fonos 972.470.735 \/ 603.643.525<\/li>\n<li>El sistema de pago de las actividades es por transferencia bancaria.<\/li>\n<li>La compra de la experiencia o del vale regalo se considerar\u00e1 formalizada una vez efectuado el ingreso.<\/li>\n<li>Si quer\u00e9is recibir un vale regalo en formato PDF en vuestro buz\u00f3n de correo electr\u00f3nico, mejor enviadnos un correo electr\u00f3nico con el comprobante de pago a info@atri.cat. Recibir\u00e9is un vale regalo en formato PDF en vuestro buz\u00f3n de correo electr\u00f3nico dentro de las 72h posteriores como m\u00e1ximo, para que pod\u00e1is regalarlo a quien quer\u00e1is.<\/li>\n<\/ol>\n<h3>Para canjear el Vale (para consumo propio o para Vale Regalo:<\/h3>\n<ol>\n<li>Los destinatarios del Vale deber\u00e1n contactar con nosotros por tel\u00e9fono o por correo electr\u00f3nico para realizar la reserva de la fecha de la actividad. Los vales regalo incluyen una referencia que el beneficiario deber\u00e1 facilitarnos al hacer la reserva.<\/li>\n<li>Los vales regalo tienen validez hasta el 30 de noviembre del a\u00f1o en curso.<\/li>\n<li>Pod\u00e9is consultar la informaci\u00f3n legal y las condiciones de Atri Cultura i Patrimoni SLU en el siguiente apartado: <a href=\"https:\/\/www.experienciesculturals.cat\/es\/informacio-i-reserves\/\">http:\/\/experienciesculturals.cat\/informacio-i-reserves\/<\/a><\/li>\n<\/ol>\n<p>[\/et_pb_text][\/et_pb_column][\/et_pb_row][\/et_pb_section]<\/p>\n","protected":false},"excerpt":{"rendered":"<p>TiendaVive o Regala una Experiencia Cultural!Os ofrecemos varias propuestas y promociones para que pod\u00e1is vivir o regalar una Experiencia Cultural, para adentraros en la Selva m\u00e1s sorprendente y desconocida donde podr\u00e9is disfrutar del patrimonio cultural y natural. Nuestras actividades siempre son presenciales y de proximidad, en grupos reducidos, porque consideramos que se debe pisar la [&hellip;]<\/p>\n","protected":false},"author":1,"featured_media":0,"parent":0,"menu_order":0,"comment_status":"closed","ping_status":"closed","template":"","meta":{"_et_pb_use_builder":"on","_et_pb_old_content":"","_et_gb_content_width":"","footnotes":""},"class_list":["post-2506","page","type-page","status-publish","hentry"],"_links":{"self":[{"href":"https:\/\/www.experienciesculturals.cat\/es\/wp-json\/wp\/v2\/pages\/2506","targetHints":{"allow":["GET"]}}],"collection":[{"href":"https:\/\/www.experienciesculturals.cat\/es\/wp-json\/wp\/v2\/pages"}],"about":[{"href":"https:\/\/www.experienciesculturals.cat\/es\/wp-json\/wp\/v2\/types\/page"}],"author":[{"embeddable":true,"href":"https:\/\/www.experienciesculturals.cat\/es\/wp-json\/wp\/v2\/users\/1"}],"replies":[{"embeddable":true,"href":"https:\/\/www.experienciesculturals.cat\/es\/wp-json\/wp\/v2\/comments?post=2506"}],"version-history":[{"count":5,"href":"https:\/\/www.experienciesculturals.cat\/es\/wp-json\/wp\/v2\/pages\/2506\/revisions"}],"predecessor-version":[{"id":6160,"href":"https:\/\/www.experienciesculturals.cat\/es\/wp-json\/wp\/v2\/pages\/2506\/revisions\/6160"}],"wp:attachment":[{"href":"https:\/\/www.experienciesculturals.cat\/es\/wp-json\/wp\/v2\/media?parent=2506"}],"curies":[{"name":"wp","href":"https:\/\/api.w.org\/{rel}","templated":true}]}}

<p>[et_pb_section fb_built=»1&#8243; custom_padding_last_edited=»on|desktop» admin_label=»Header» _builder_version=»4.16&#8243; background_color=»#242e42&#8243; background_image=»https://www.experienciesculturals.cat/wp-content/uploads/2021/12/rocas-dark.jpg» background_size=»contain» background_position=»top_center» custom_padding=»||0px||false|false» custom_padding_tablet=»0px||5vw» custom_padding_phone=»» box_shadow_vertical_tablet=»» box_shadow_vertical_phone=»» box_shadow_vertical_last_edited=»on|tablet» locked=»off» global_colors_info=»{}»][et_pb_row _builder_version=»4.16&#8243; module_alignment=»center» locked=»off» global_colors_info=»{}»][et_pb_column type=»4_4&#8243; _builder_version=»4.16&#8243; custom_padding=»|||» global_colors_info=»{}» custom_padding__hover=»|||»][et_pb_text _builder_version=»4.16&#8243; text_font=»Lato||||||||» text_font_size=»22px» text_line_height=»1.8em» header_font=»PT Serif|700|||||||» header_font_size=»80px» header_line_height=»1.2em» background_layout=»dark» text_font_size_tablet=»» text_font_size_phone=»18px» text_font_size_last_edited=»on|phone» header_font_size_tablet=»60px» header_font_size_phone=»36px» header_font_size_last_edited=»on|phone» global_colors_info=»{}»]</p>
<h1>Tienda</h1>
<p>[/et_pb_text][et_pb_divider color=»#ffffff» divider_weight=»5px» _builder_version=»4.16&#8243; max_width=»100px» locked=»off» global_colors_info=»{}»][/et_pb_divider][et_pb_text _builder_version=»4.16&#8243; _module_preset=»default» header_2_font=»Open Sans Condensed|700|||||||» header_2_text_color=»#FFFFFF» header_2_font_size=»48px» global_colors_info=»{}»]</p>
<h2>Vive o Regala una Experiencia Cultural!</h2>
<p>[/et_pb_text][/et_pb_column][/et_pb_row][/et_pb_section][et_pb_section fb_built=»1&#8243; _builder_version=»4.16&#8243; _module_preset=»default» global_colors_info=»{}»][et_pb_row _builder_version=»4.16&#8243; _module_preset=»default» global_colors_info=»{}»][et_pb_column type=»4_4&#8243; _builder_version=»4.16&#8243; _module_preset=»default» global_colors_info=»{}»][et_pb_text admin_label=»Presentacio» _builder_version=»4.27.4&#8243; _module_preset=»default» global_colors_info=»{}»]</p>
<p>Os ofrecemos varias propuestas y promociones para que podáis <strong>vivir o regalar una Experiencia Cultural</strong>, para adentraros <strong>en la Selva</strong> más sorprendente y desconocida donde podréis disfrutar del patrimonio cultural y natural.</p>
<p>Nuestras <strong>actividades</strong> siempre son <strong>presenciales y de proximidad, en grupos reducidos</strong>, porque consideramos que se debe pisar la tierra y <strong>vivir las cosas in situ</strong>. Y sobre todo <strong>parte de la experiencia también sois vosotros con vuestra interacción y participación</strong>. </p>
<p><strong>Descubrir</strong> nuestro país, <strong>disfrutar</strong> del patrimonio, <strong>inspirarse</strong> observando, <strong>fotografiar</strong> detalles arquitectónicos o naturales, <strong>pisar</strong> el territorio y <strong>respirar</strong> la naturaleza. Estas son algunas de las <strong>propuestas</strong> que os invitamos a hacer con nuestras <strong>Experiencias Culturales: Visitas con el arqueólogo, Visitas o Rutas Culturales y Rutas de Descubrimiento</strong>.</p>
<p><strong>Las actividades disponibles en la tienda en línea pueden ser para consumo propio o en formato vale regalo</strong> (si completáis la información adicional, os enviaremos el vale regalo por correo electrónico). Las propuestas son de diferentes características e importes, y también <strong>os las podemos preparar a medida</strong>. Si no encontráis lo que buscáis, contactad con nosotros y lo hablamos. Tenemos otras <strong>actividades en catálogo</strong> que también están <strong>disponibles para grupos con reserva previa</strong>.</p>
<p><em><strong>¡Una experiencia única y muy especial, ideal para grupos privados y reducidos!</strong></em></p>
<p><em>*Haciendo esta actividad estáis apoyando pequeñas empresas familiares, como nosotros, a la vez que dais a conocer la historia y la cultura de nuestro país</em></p>
<p>[/et_pb_text][/et_pb_column][/et_pb_row][/et_pb_section][et_pb_section fb_built=»1&#8243; _builder_version=»4.16&#8243; _module_preset=»default» global_colors_info=»{}»][et_pb_row _builder_version=»4.16&#8243; _module_preset=»default» global_colors_info=»{}»][et_pb_column type=»4_4&#8243; _builder_version=»4.16&#8243; _module_preset=»default» global_colors_info=»{}»][et_pb_shop type=»product_category» posts_number=»16&#8243; _builder_version=»4.27.4&#8243; _module_preset=»default» hover_enabled=»0&#8243; global_colors_info=»{}» sticky_enabled=»0&#8243;][/et_pb_shop][/et_pb_column][/et_pb_row][/et_pb_section][et_pb_section fb_built=»1&#8243; _builder_version=»4.16&#8243; _module_preset=»default» global_colors_info=»{}»][et_pb_row _builder_version=»4.16&#8243; _module_preset=»default» global_colors_info=»{}»][et_pb_column type=»4_4&#8243; _builder_version=»4.16&#8243; _module_preset=»default» global_colors_info=»{}»][et_pb_text _builder_version=»4.27.4&#8243; _module_preset=»default» global_colors_info=»{}»]</p>
<h3>¿Qué incluye?</h3>
<ul>
<li>Incluye la realización de la Experiencia Cultural escogida con un historiador y/o arqueólogo profesional.</li>
<li>El vale se podrá canjear hasta el 30 de noviembre del año en curso en una fecha concertada (grupo privado).</li>
<li>Los precios de las actividades incluyen el IVA.</li>
<li>Cuando son actividades en fechas programadas, el precio es por persona y para la fecha concreta (ya se indica).</li>
<li>Cuando las actividades son un vale con fecha a escoger por el consumidor hasta el 30 de noviembre del año en curso, el precio es por grupo (Grupos de 2, 5 o 10 personas)</li>
<li>Para grupos mayores o para públicos específicos, consultar.</li>
</ul>
<h3>Condiciones de las actividades:</h3>
<ul>
<li>Experiencias disponibles todo el año. Válido hasta el 30 de noviembre del año en curso.</li>
<li>Es necesario hacer la reserva de la fecha de la actividad con cierta antelación, para confirmar disponibilidad.</li>
<li>Las actividades de esta promoción son para grupos máximos de 10 personas (para grupos mayores, consultadnos). </li>
<li>La compra de las actividades se puede hacer a través de la tienda en línea o, si se desea una actividad a medida, consultadnos para hacer un presupuesto. Se establece la transferencia bancaria como sistema de pago de las actividades.</li>
<li>La duración de la visita, según actividad, es de 1,5h a 3h aprox.</li>
</ul>
<h3>¿Cómo hacer la compra de la actividad o del vale regalo</h3>
<p><strong>Para comprar las actividades disponibles en la tienda, para consumo propio o para hacer un vale regalo:</strong></p>
<ol>
<li>Visitad la web, seleccionad la actividad que más os interese y metedla en el carrito.</li>
<li>Si es para un vale regalo, recordad rellenar el apartado «información adicional» con un texto breve para incluir. Ejemplo: Para Laura y familia, de parte de sus amigos (Máx. 125 caracteres para incluir en el vale regalo). Si es en una fecha concreta que ya nos habéis reservado, también la incluiremos. Si no, indicaremos hasta cuando tiene validez y que se debe hacer la reserva con cierta antelación.</li>
<li>Para dudas o más información, enviad un correo electrónico a info@atri.cat o bien llamad a los teléfonos 972.470.735 / 603.643.525</li>
<li>El sistema de pago de las actividades es por transferencia bancaria.</li>
<li>La compra de la experiencia o del vale regalo se considerará formalizada una vez efectuado el ingreso.</li>
<li>Si queréis recibir un vale regalo en formato PDF en vuestro buzón de correo electrónico, mejor enviadnos un correo electrónico con el comprobante de pago a info@atri.cat. Recibiréis un vale regalo en formato PDF en vuestro buzón de correo electrónico dentro de las 72h posteriores como máximo, para que podáis regalarlo a quien queráis.</li>
</ol>
<h3>Para canjear el Vale (para consumo propio o para Vale Regalo:</h3>
<ol>
<li>Los destinatarios del Vale deberán contactar con nosotros por teléfono o por correo electrónico para realizar la reserva de la fecha de la actividad. Los vales regalo incluyen una referencia que el beneficiario deberá facilitarnos al hacer la reserva.</li>
<li>Los vales regalo tienen validez hasta el 30 de noviembre del año en curso.</li>
<li>Podéis consultar la información legal y las condiciones de Atri Cultura i Patrimoni SLU en el siguiente apartado: <a href="https://www.experienciesculturals.cat/es/informacio-i-reserves/">http://experienciesculturals.cat/informacio-i-reserves/</a></li>
</ol>
<p>[/et_pb_text][/et_pb_column][/et_pb_row][/et_pb_section]</p>

<p>TiendaVive o Regala una Experiencia Cultural!Os ofrecemos varias propuestas y promociones para que podáis vivir o regalar una Experiencia Cultural, para adentraros en la Selva más sorprendente y desconocida donde podréis disfrutar del patrimonio cultural y natural. Nuestras actividades siempre son presenciales y de proximidad, en grupos reducidos, porque consideramos que se debe pisar la [&hellip;]</p>
