{"id":5241,"date":"2021-12-16T13:59:06","date_gmt":"2021-12-16T11:59:06","guid":{"rendered":"https:\/\/experienciesculturals.cat\/avis-legal\/"},"modified":"2022-01-28T16:02:56","modified_gmt":"2022-01-28T14:02:56","slug":"avis-legal","status":"publish","type":"page","link":"https:\/\/www.experienciesculturals.cat\/es\/avis-legal\/","title":{"rendered":"Av\u00eds legal"},"content":{"rendered":"<p>[et_pb_section fb_built=\u00bb1&#8243; custom_padding_last_edited=\u00bbon|desktop\u00bb admin_label=\u00bbHeader\u00bb _builder_version=\u00bb4.14.2&#8243; background_color=\u00bb#242e42&#8243; background_image=\u00bbhttps:\/\/experienciesculturals.cat\/wp-content\/uploads\/2021\/12\/rocas-dark.jpg\u00bb background_size=\u00bbcontain\u00bb background_position=\u00bbtop_center\u00bb custom_padding=\u00bb||0px||false|false\u00bb custom_padding_tablet=\u00bb0px||5vw\u00bb custom_padding_phone=\u00bb\u00bb hover_enabled=\u00bb0&#8243; box_shadow_vertical_tablet=\u00bb\u00bb box_shadow_vertical_phone=\u00bb\u00bb box_shadow_vertical_last_edited=\u00bbon|tablet\u00bb locked=\u00bboff\u00bb global_colors_info=\u00bb{}\u00bb title_text=\u00bbrocas-dark\u00bb sticky_enabled=\u00bb0&#8243;][et_pb_row _builder_version=\u00bb3.25&#8243; module_alignment=\u00bbcenter\u00bb locked=\u00bboff\u00bb global_colors_info=\u00bb{}\u00bb][et_pb_column type=\u00bb4_4&#8243; _builder_version=\u00bb3.25&#8243; custom_padding=\u00bb|||\u00bb global_colors_info=\u00bb{}\u00bb custom_padding__hover=\u00bb|||\u00bb][et_pb_text _builder_version=\u00bb4.14.2&#8243; text_font=\u00bbLato||||||||\u00bb text_font_size=\u00bb22px\u00bb text_line_height=\u00bb1.8em\u00bb header_font=\u00bbPT Serif|700|||||||\u00bb header_font_size=\u00bb80px\u00bb header_line_height=\u00bb1.2em\u00bb background_layout=\u00bbdark\u00bb text_font_size_tablet=\u00bb\u00bb text_font_size_phone=\u00bb18px\u00bb text_font_size_last_edited=\u00bbon|phone\u00bb header_font_size_tablet=\u00bb60px\u00bb header_font_size_phone=\u00bb36px\u00bb header_font_size_last_edited=\u00bbon|phone\u00bb global_colors_info=\u00bb{}\u00bb]<\/p>\n<h1>Av\u00eds legal<\/h1>\n<p>[\/et_pb_text][et_pb_divider color=\u00bb#ffffff\u00bb divider_weight=\u00bb5px\u00bb _builder_version=\u00bb3.23.3&#8243; max_width=\u00bb100px\u00bb locked=\u00bboff\u00bb global_colors_info=\u00bb{}\u00bb][\/et_pb_divider][\/et_pb_column][\/et_pb_row][\/et_pb_section][et_pb_section fb_built=\u00bb1&#8243; admin_label=\u00bbPromo\u00bb _builder_version=\u00bb3.24&#8243; global_colors_info=\u00bb{}\u00bb][et_pb_row _builder_version=\u00bb3.25&#8243; locked=\u00bboff\u00bb global_colors_info=\u00bb{}\u00bb][et_pb_column type=\u00bb4_4&#8243; _builder_version=\u00bb3.25&#8243; custom_padding=\u00bb|||\u00bb global_colors_info=\u00bb{}\u00bb custom_padding__hover=\u00bb|||\u00bb][et_pb_text _builder_version=\u00bb4.14.2&#8243; text_font=\u00bbLato||||||||\u00bb text_font_size=\u00bb18px\u00bb text_line_height=\u00bb1.8em\u00bb header_font=\u00bb||||||||\u00bb header_2_font=\u00bb||||||||\u00bb header_3_font=\u00bbLato|900|||||||\u00bb header_3_font_size=\u00bb26px\u00bb header_3_line_height=\u00bb1.6em\u00bb background_color=\u00bb#ffffff\u00bb text_orientation=\u00bbjustify\u00bb max_width=\u00bb100%\u00bb module_alignment=\u00bbcenter\u00bb custom_margin_tablet=\u00bb|||0px\u00bb custom_margin_phone=\u00bb-200px||\u00bb custom_margin_last_edited=\u00bboff|desktop\u00bb custom_padding=\u00bb50px|40px|50px|40px|true|true\u00bb custom_padding_tablet=\u00bb\u00bb custom_padding_phone=\u00bb30px|20px|30px|20px|true|true\u00bb custom_padding_last_edited=\u00bbon|desktop\u00bb text_font_size_tablet=\u00bb\u00bb text_font_size_phone=\u00bb15px\u00bb text_font_size_last_edited=\u00bbon|desktop\u00bb header_3_font_size_tablet=\u00bb20px\u00bb header_3_font_size_phone=\u00bb16px\u00bb header_3_font_size_last_edited=\u00bbon|desktop\u00bb custom_css_main_element=\u00bbposition: relative;\u00bb box_shadow_style=\u00bbpreset3&#8243; box_shadow_blur=\u00bb100px\u00bb box_shadow_color=\u00bbrgba(0,0,0,0.12)\u00bb text_text_align=\u00bbjustify\u00bb locked=\u00bboff\u00bb global_colors_info=\u00bb{}\u00bb]<\/p>\n<p>El lloc web i el domini atri.cat \/\/ experienciesculturals.cat corresponen a <strong>ATRI CULTU-RA I PATRIMONI SLU<\/strong>, amb CIF B55169387, domicili al Carrer Nou, 60, 2n de Caldes de Malavella, tel\u00e8fon 972 47 07 35, m\u00f2bil 620 96 97 62 \/ 603 64 35 25 i adre\u00e7a elec-tr\u00f2nica info@atri.cat. Figura inscrita en el Registre Mercantil de Girona, volum 2925, foli 119, fulla GI-54945, I\/A4.<\/p>\n<h3>PROPIETAT INTEL\u00b7LECTUAL I INDUSTRIAL<\/h3>\n<p>Els drets sobre els continguts d\u2019aquest lloc, incloent-hi els textos, imatges, dissenys gr\u00e0fics, marques i altres signes distintius (en endavant els continguts), pertanyen a <strong>ATRI CULTURA I PATRIMONI SLU<\/strong> o a tercers que n\u2019han autoritzat el seu \u00fas. <strong>ATRI CULTURA I PATRIMONI SLU<\/strong> presenta aquests continguts per a informar dels seus serveis i activitats. <strong>ATRI CULTURA I PATRIMONI SLU<\/strong> autoritza la utilitzaci\u00f3 dels con-tinguts per a usos no comercials sempre i quan s\u2019indiqui de forma clara la font. Si els continguts s\u2019utilitzen en entorns web caldr\u00e0 incloure un enlla\u00e7 a la p\u00e0gina d\u2019inici del lloc web. <strong>ATRI CULTURA I PATRIMONI SLU<\/strong> es reserva el dret a iniciar les accions legals oportunes en defensa dels seus drets de propietat intel\u00b7lectual o industrial.<\/p>\n<p>No s\u2019autoritzen presentacions dels continguts d\u2019aquest lloc en una finestra aliena a <strong>https:\/\/www.atri.cat\/<\/strong> (framing).<\/p>\n<h3>RESPONSABILITAT SOBRE ELS CONTINGUTS<\/h3>\n<p>Tot i que <strong>ATRI CULTURA I PATRIMONI SLU<\/strong> actua amb el m\u00e0xim de dilig\u00e8ncia possi-ble, es pot donar el cas que alguna dada o informaci\u00f3 no estigui del tot actualitzada en el moment que l\u2019usuari del lloc web el consulti.<\/p>\n<p><strong>ATRI CULTURA I PATRIMONI SLU<\/strong> es reserva el dret a modificar unilateralment, en qualsevol moment i sense av\u00eds previ, la presentaci\u00f3, configuraci\u00f3 i continguts del web.<\/p>\n<p><strong>ATRI CULTURA I PATRIMONI SLU<\/strong> no ser\u00e0 responsable de la informaci\u00f3 que es pugui obtenir a trav\u00e9s d\u2019enlla\u00e7os inclosos en el lloc.<\/p>\n<h3>CONDICIONS D\u2019\u00daS<\/h3>\n<p>L\u2019\u00fas d\u2019aquest web implica l\u2019acceptaci\u00f3 plena dels termes i condicions del present av\u00eds legal. Els possibles conflictes relatius a aquest web es regiran exclusivament pel dret de l\u2019Estat espanyol. Tota persona usu\u00e0ria del web, independentment de la jurisdicci\u00f3 territorial des de la qual es produeixi el seu acc\u00e9s, accepta el compliment i respecte d\u2019aquestes cl\u00e0usules amb ren\u00fancia expressa a qualsevol altre fur que li pogu\u00e9s cor-respondre.<\/p>\n<p>[\/et_pb_text][\/et_pb_column][\/et_pb_row][\/et_pb_section]<\/p>\n","protected":false},"excerpt":{"rendered":"<p>Av\u00eds legalEl lloc web i el domini atri.cat \/\/ experienciesculturals.cat corresponen a ATRI CULTU-RA I PATRIMONI SLU, amb CIF B55169387, domicili al Carrer Nou, 60, 2n de Caldes de Malavella, tel\u00e8fon 972 47 07 35, m\u00f2bil 620 96 97 62 \/ 603 64 35 25 i adre\u00e7a elec-tr\u00f2nica info@atri.cat. Figura inscrita en el Registre Mercantil [&hellip;]<\/p>\n","protected":false},"author":1,"featured_media":0,"parent":0,"menu_order":0,"comment_status":"closed","ping_status":"closed","template":"","meta":{"_et_pb_use_builder":"on","_et_pb_old_content":"","_et_gb_content_width":"","footnotes":""},"class_list":["post-5241","page","type-page","status-publish","hentry"],"_links":{"self":[{"href":"https:\/\/www.experienciesculturals.cat\/es\/wp-json\/wp\/v2\/pages\/5241","targetHints":{"allow":["GET"]}}],"collection":[{"href":"https:\/\/www.experienciesculturals.cat\/es\/wp-json\/wp\/v2\/pages"}],"about":[{"href":"https:\/\/www.experienciesculturals.cat\/es\/wp-json\/wp\/v2\/types\/page"}],"author":[{"embeddable":true,"href":"https:\/\/www.experienciesculturals.cat\/es\/wp-json\/wp\/v2\/users\/1"}],"replies":[{"embeddable":true,"href":"https:\/\/www.experienciesculturals.cat\/es\/wp-json\/wp\/v2\/comments?post=5241"}],"version-history":[{"count":1,"href":"https:\/\/www.experienciesculturals.cat\/es\/wp-json\/wp\/v2\/pages\/5241\/revisions"}],"predecessor-version":[{"id":5242,"href":"https:\/\/www.experienciesculturals.cat\/es\/wp-json\/wp\/v2\/pages\/5241\/revisions\/5242"}],"wp:attachment":[{"href":"https:\/\/www.experienciesculturals.cat\/es\/wp-json\/wp\/v2\/media?parent=5241"}],"curies":[{"name":"wp","href":"https:\/\/api.w.org\/{rel}","templated":true}]}}

Avís legal

<p>[et_pb_section fb_built=»1&#8243; custom_padding_last_edited=»on|desktop» admin_label=»Header» _builder_version=»4.14.2&#8243; background_color=»#242e42&#8243; background_image=»https://experienciesculturals.cat/wp-content/uploads/2021/12/rocas-dark.jpg» background_size=»contain» background_position=»top_center» custom_padding=»||0px||false|false» custom_padding_tablet=»0px||5vw» custom_padding_phone=»» hover_enabled=»0&#8243; box_shadow_vertical_tablet=»» box_shadow_vertical_phone=»» box_shadow_vertical_last_edited=»on|tablet» locked=»off» global_colors_info=»{}» title_text=»rocas-dark» sticky_enabled=»0&#8243;][et_pb_row _builder_version=»3.25&#8243; module_alignment=»center» locked=»off» global_colors_info=»{}»][et_pb_column type=»4_4&#8243; _builder_version=»3.25&#8243; custom_padding=»|||» global_colors_info=»{}» custom_padding__hover=»|||»][et_pb_text _builder_version=»4.14.2&#8243; text_font=»Lato||||||||» text_font_size=»22px» text_line_height=»1.8em» header_font=»PT Serif|700|||||||» header_font_size=»80px» header_line_height=»1.2em» background_layout=»dark» text_font_size_tablet=»» text_font_size_phone=»18px» text_font_size_last_edited=»on|phone» header_font_size_tablet=»60px» header_font_size_phone=»36px» header_font_size_last_edited=»on|phone» global_colors_info=»{}»]</p>
<h1>Avís legal</h1>
<p>[/et_pb_text][et_pb_divider color=»#ffffff» divider_weight=»5px» _builder_version=»3.23.3&#8243; max_width=»100px» locked=»off» global_colors_info=»{}»][/et_pb_divider][/et_pb_column][/et_pb_row][/et_pb_section][et_pb_section fb_built=»1&#8243; admin_label=»Promo» _builder_version=»3.24&#8243; global_colors_info=»{}»][et_pb_row _builder_version=»3.25&#8243; locked=»off» global_colors_info=»{}»][et_pb_column type=»4_4&#8243; _builder_version=»3.25&#8243; custom_padding=»|||» global_colors_info=»{}» custom_padding__hover=»|||»][et_pb_text _builder_version=»4.14.2&#8243; text_font=»Lato||||||||» text_font_size=»18px» text_line_height=»1.8em» header_font=»||||||||» header_2_font=»||||||||» header_3_font=»Lato|900|||||||» header_3_font_size=»26px» header_3_line_height=»1.6em» background_color=»#ffffff» text_orientation=»justify» max_width=»100%» module_alignment=»center» custom_margin_tablet=»|||0px» custom_margin_phone=»-200px||» custom_margin_last_edited=»off|desktop» custom_padding=»50px|40px|50px|40px|true|true» custom_padding_tablet=»» custom_padding_phone=»30px|20px|30px|20px|true|true» custom_padding_last_edited=»on|desktop» text_font_size_tablet=»» text_font_size_phone=»15px» text_font_size_last_edited=»on|desktop» header_3_font_size_tablet=»20px» header_3_font_size_phone=»16px» header_3_font_size_last_edited=»on|desktop» custom_css_main_element=»position: relative;» box_shadow_style=»preset3&#8243; box_shadow_blur=»100px» box_shadow_color=»rgba(0,0,0,0.12)» text_text_align=»justify» locked=»off» global_colors_info=»{}»]</p>
<p>El lloc web i el domini atri.cat // experienciesculturals.cat corresponen a <strong>ATRI CULTU-RA I PATRIMONI SLU</strong>, amb CIF B55169387, domicili al Carrer Nou, 60, 2n de Caldes de Malavella, telèfon 972 47 07 35, mòbil 620 96 97 62 / 603 64 35 25 i adreça elec-trònica info@atri.cat. Figura inscrita en el Registre Mercantil de Girona, volum 2925, foli 119, fulla GI-54945, I/A4.</p>
<h3>PROPIETAT INTEL·LECTUAL I INDUSTRIAL</h3>
<p>Els drets sobre els continguts d’aquest lloc, incloent-hi els textos, imatges, dissenys gràfics, marques i altres signes distintius (en endavant els continguts), pertanyen a <strong>ATRI CULTURA I PATRIMONI SLU</strong> o a tercers que n’han autoritzat el seu ús. <strong>ATRI CULTURA I PATRIMONI SLU</strong> presenta aquests continguts per a informar dels seus serveis i activitats. <strong>ATRI CULTURA I PATRIMONI SLU</strong> autoritza la utilització dels con-tinguts per a usos no comercials sempre i quan s’indiqui de forma clara la font. Si els continguts s’utilitzen en entorns web caldrà incloure un enllaç a la pàgina d’inici del lloc web. <strong>ATRI CULTURA I PATRIMONI SLU</strong> es reserva el dret a iniciar les accions legals oportunes en defensa dels seus drets de propietat intel·lectual o industrial.</p>
<p>No s’autoritzen presentacions dels continguts d’aquest lloc en una finestra aliena a <strong>https://www.atri.cat/</strong> (framing).</p>
<h3>RESPONSABILITAT SOBRE ELS CONTINGUTS</h3>
<p>Tot i que <strong>ATRI CULTURA I PATRIMONI SLU</strong> actua amb el màxim de diligència possi-ble, es pot donar el cas que alguna dada o informació no estigui del tot actualitzada en el moment que l’usuari del lloc web el consulti.</p>
<p><strong>ATRI CULTURA I PATRIMONI SLU</strong> es reserva el dret a modificar unilateralment, en qualsevol moment i sense avís previ, la presentació, configuració i continguts del web.</p>
<p><strong>ATRI CULTURA I PATRIMONI SLU</strong> no serà responsable de la informació que es pugui obtenir a través d’enllaços inclosos en el lloc.</p>
<h3>CONDICIONS D’ÚS</h3>
<p>L’ús d’aquest web implica l’acceptació plena dels termes i condicions del present avís legal. Els possibles conflictes relatius a aquest web es regiran exclusivament pel dret de l’Estat espanyol. Tota persona usuària del web, independentment de la jurisdicció territorial des de la qual es produeixi el seu accés, accepta el compliment i respecte d’aquestes clàusules amb renúncia expressa a qualsevol altre fur que li pogués cor-respondre.</p>
<p>[/et_pb_text][/et_pb_column][/et_pb_row][/et_pb_section]</p>

<p>Avís legalEl lloc web i el domini atri.cat // experienciesculturals.cat corresponen a ATRI CULTU-RA I PATRIMONI SLU, amb CIF B55169387, domicili al Carrer Nou, 60, 2n de Caldes de Malavella, telèfon 972 47 07 35, mòbil 620 96 97 62 / 603 64 35 25 i adreça elec-trònica info@atri.cat. Figura inscrita en el Registre Mercantil [&hellip;]</p>
