{"id":6098,"date":"2025-05-27T13:36:01","date_gmt":"2025-05-27T11:36:01","guid":{"rendered":"https:\/\/www.experienciesculturals.cat\/producte\/llagostera-medieval\/"},"modified":"2025-05-27T14:21:55","modified_gmt":"2025-05-27T12:21:55","slug":"llagostera-medieval","status":"publish","type":"product","link":"https:\/\/www.experienciesculturals.cat\/es\/producto\/llagostera-medieval\/","title":{"rendered":"Llagostera Medieval"},"content":{"rendered":"<p>[et_pb_section fb_built=\u00bb1&#8243; custom_padding_last_edited=\u00bbon|desktop\u00bb admin_label=\u00bbHeader\u00bb _builder_version=\u00bb4.16&#8243; background_color=\u00bb#242e42&#8243; background_image=\u00bbhttps:\/\/www.experienciesculturals.cat\/wp-content\/uploads\/2021\/12\/rocas-dark.jpg\u00bb background_size=\u00bbcontain\u00bb background_position=\u00bbtop_center\u00bb custom_padding=\u00bb||0px||false|false\u00bb custom_padding_tablet=\u00bb0px||5vw\u00bb custom_padding_phone=\u00bb\u00bb box_shadow_vertical_tablet=\u00bb\u00bb box_shadow_vertical_phone=\u00bb\u00bb box_shadow_vertical_last_edited=\u00bbon|tablet\u00bb locked=\u00bboff\u00bb collapsed=\u00bboff\u00bb global_colors_info=\u00bb{}\u00bb][et_pb_row _builder_version=\u00bb4.16&#8243; module_alignment=\u00bbcenter\u00bb locked=\u00bboff\u00bb global_colors_info=\u00bb{}\u00bb][et_pb_column type=\u00bb4_4&#8243; _builder_version=\u00bb4.16&#8243; custom_padding=\u00bb|||\u00bb global_colors_info=\u00bb{}\u00bb custom_padding__hover=\u00bb|||\u00bb][et_pb_text _builder_version=\u00bb4.16&#8243; text_font=\u00bbLato||||||||\u00bb text_font_size=\u00bb22px\u00bb text_line_height=\u00bb1.8em\u00bb header_font=\u00bbPT Serif|700|||||||\u00bb header_font_size=\u00bb80px\u00bb header_line_height=\u00bb1.2em\u00bb header_3_font_size=\u00bb46px\u00bb background_layout=\u00bbdark\u00bb text_font_size_tablet=\u00bb\u00bb text_font_size_phone=\u00bb18px\u00bb text_font_size_last_edited=\u00bbon|phone\u00bb header_font_size_tablet=\u00bb60px\u00bb header_font_size_phone=\u00bb36px\u00bb header_font_size_last_edited=\u00bbon|phone\u00bb global_colors_info=\u00bb{}\u00bb]<\/p>\n<h1>Botiga<\/h1>\n<p>[\/et_pb_text][et_pb_divider color=\u00bb#ffffff\u00bb divider_weight=\u00bb5px\u00bb _builder_version=\u00bb4.16&#8243; max_width=\u00bb100px\u00bb locked=\u00bboff\u00bb global_colors_info=\u00bb{}\u00bb][\/et_pb_divider][et_pb_text _builder_version=\u00bb4.16&#8243; _module_preset=\u00bbdefault\u00bb header_font=\u00bbOpen Sans Condensed||||||||\u00bb header_font_size=\u00bb20px\u00bb header_2_font=\u00bbOpen Sans Condensed|700|||||||\u00bb header_2_text_color=\u00bb#FFFFFF\u00bb header_2_font_size=\u00bb48px\u00bb global_colors_info=\u00bb{}\u00bb]<\/p>\n<h2>Viu o Regala una Experi\u00e8ncia Cultural!<\/h2>\n<p>[\/et_pb_text][\/et_pb_column][\/et_pb_row][\/et_pb_section][et_pb_section fb_built=\u00bb1&#8243; _builder_version=\u00bb4.16&#8243; custom_padding=\u00bb0px||||false|false\u00bb collapsed=\u00bboff\u00bb global_colors_info=\u00bb{}\u00bb][et_pb_row _builder_version=\u00bb4.16&#8243; background_size=\u00bbinitial\u00bb background_position=\u00bbtop_left\u00bb background_repeat=\u00bbrepeat\u00bb width=\u00bb100%\u00bb custom_padding=\u00bb0px||0px||false|false\u00bb global_colors_info=\u00bb{}\u00bb][et_pb_column type=\u00bb4_4&#8243; _builder_version=\u00bb4.16&#8243; custom_padding=\u00bb|||\u00bb global_colors_info=\u00bb{}\u00bb custom_padding__hover=\u00bb|||\u00bb][et_pb_wc_breadcrumb _builder_version=\u00bb4.16&#8243; global_colors_info=\u00bb{}\u00bb][\/et_pb_wc_breadcrumb][et_pb_wc_cart_notice _builder_version=\u00bb4.16&#8243; global_colors_info=\u00bb{}\u00bb][\/et_pb_wc_cart_notice][\/et_pb_column][\/et_pb_row][et_pb_row column_structure=\u00bb1_2,1_2&#8243; _builder_version=\u00bb4.16&#8243; background_size=\u00bbinitial\u00bb background_position=\u00bbtop_left\u00bb background_repeat=\u00bbrepeat\u00bb width=\u00bb100%\u00bb custom_padding=\u00bb0px||||false|false\u00bb global_colors_info=\u00bb{}\u00bb][et_pb_column type=\u00bb1_2&#8243; _builder_version=\u00bb4.16&#8243; custom_padding=\u00bb|||\u00bb global_colors_info=\u00bb{}\u00bb custom_padding__hover=\u00bb|||\u00bb][et_pb_wc_images _builder_version=\u00bb4.16&#8243; global_colors_info=\u00bb{}\u00bb][\/et_pb_wc_images][\/et_pb_column][et_pb_column type=\u00bb1_2&#8243; _builder_version=\u00bb4.16&#8243; custom_padding=\u00bb|||\u00bb global_colors_info=\u00bb{}\u00bb custom_padding__hover=\u00bb|||\u00bb][et_pb_wc_title _builder_version=\u00bb4.16&#8243; global_colors_info=\u00bb{}\u00bb][\/et_pb_wc_title][et_pb_wc_rating _builder_version=\u00bb4.16&#8243; global_colors_info=\u00bb{}\u00bb][\/et_pb_wc_rating][et_pb_wc_price _builder_version=\u00bb4.16&#8243; global_colors_info=\u00bb{}\u00bb][\/et_pb_wc_price][et_pb_wc_description _builder_version=\u00bb4.16&#8243; global_colors_info=\u00bb{}\u00bb][\/et_pb_wc_description][et_pb_wc_add_to_cart _builder_version=\u00bb4.16&#8243; global_colors_info=\u00bb{}\u00bb][\/et_pb_wc_add_to_cart][et_pb_wc_meta _builder_version=\u00bb4.16&#8243; global_colors_info=\u00bb{}\u00bb][\/et_pb_wc_meta][\/et_pb_column][\/et_pb_row][et_pb_row _builder_version=\u00bb4.16&#8243; background_size=\u00bbinitial\u00bb background_position=\u00bbtop_left\u00bb background_repeat=\u00bbrepeat\u00bb width=\u00bb100%\u00bb collapsed=\u00bboff\u00bb global_colors_info=\u00bb{}\u00bb][et_pb_column type=\u00bb4_4&#8243; _builder_version=\u00bb4.16&#8243; custom_padding=\u00bb|||\u00bb global_colors_info=\u00bb{}\u00bb custom_padding__hover=\u00bb|||\u00bb][et_pb_wc_tabs _builder_version=\u00bb4.16&#8243; global_colors_info=\u00bb{}\u00bb]\t\t\t\t\t[\/et_pb_wc_tabs][et_pb_wc_upsells _builder_version=\u00bb4.16&#8243; global_colors_info=\u00bb{}\u00bb][\/et_pb_wc_upsells][et_pb_wc_related_products _builder_version=\u00bb4.16&#8243; global_colors_info=\u00bb{}\u00bb][\/et_pb_wc_related_products][\/et_pb_column][\/et_pb_row][\/et_pb_section]<\/p>\n","protected":false},"excerpt":{"rendered":"<p>A trav\u00e9s de las Experiencias Culturales de Atri Cultura i Patrimoni os ofrecemos disfrutar de <strong>un viaje al pasado a trav\u00e9s del patrimonio, la historia y el paisaje de la Selva hist\u00f3rica<\/strong>. Son diferentes propuestas para que pod\u00e1is vivir o regalar una Experiencia Cultural.<\/p>\n<p><strong><em>Una experiencia \u00fanica y muy especial, ideal para grupos privados y reducidos!<\/em><\/strong><\/p>\n<p><em>*Haciendo esta actividad \/ regalo est\u00e1is apoyando a peque\u00f1as empresas familiares, como nosotros, a la vez que dais a conocer la historia y la cultura de nuestro pa\u00eds.<\/em><\/p>\n<p><strong>Visita Cultural \u201cLlagostera Medieval\u201d<\/strong><\/p>\n","protected":false},"featured_media":6088,"comment_status":"closed","ping_status":"closed","template":"","meta":{"_et_pb_use_builder":"on","_et_pb_old_content":"<strong>Descripci\u00f3n de la actividad:<\/strong>\r\n<ul>\r\n \t<li>Sobre una peque\u00f1a colina se alza el n\u00facleo medieval de Llagostera, protegido por dos murallas.<\/li>\r\n \t<li>Pasearemos por sus calles y plazas, que nos transportar\u00e1n a la Llagostera del siglo XV, bajo los dominios de los barones de Llagostera y su castillo.<\/li>\r\n \t<li>Subiremos a la torre de la Pres\u00f3 y reviviremos la historia de esta parte de la muralla, que sirvi\u00f3 para vigilar el entorno de la poblaci\u00f3n y los caminos que pasan por ella, y donde despu\u00e9s se encerraba a los condenados.<\/li>\r\n \t<li>Retornaremos a la Llagostera medieval acompa\u00f1ados por un historiador y arque\u00f3logo que ha investigado y que conoce de primera mano la Llagostera de hace seis siglos!<\/li>\r\n<\/ul>\r\n<strong>Incluye:<\/strong>\r\n<ul>\r\n \t<li>La realizaci\u00f3n de la Experiencia Cultural escogida con un historiador y\/o arque\u00f3logo profesional.<\/li>\r\n \t<li>El vale se podr\u00e1 canjear hasta el 30\/11 del a\u00f1o en curso en una fecha concertada (grupo privado).<\/li>\r\n<\/ul>\r\n<strong>Condiciones de las actividades:<\/strong>\r\n<ul>\r\n \t<li>Experiencia disponible todo el a\u00f1o. V\u00e1lido hasta el 30\/11 del a\u00f1o en curso<\/li>\r\n \t<li>Es necesario hacer la reserva con cierta antelaci\u00f3n.<\/li>\r\n \t<li><strong>Visitas culturales:<\/strong> la mayor\u00eda son en entornos urbanos, con predominio de exteriores, y son id\u00f3neas todo el a\u00f1o. El medio de locomoci\u00f3n es a pie y en general son aptas para todos los p\u00fablicos. Para llegar al punto de encuentro del inicio de la actividad, se puede hacer en veh\u00edculo particular o en transporte p\u00fablico (autob\u00fas o tren), no incluido en el precio de la actividad.<\/li>\r\n<\/ul>\r\nLa duraci\u00f3n de la visita es de 1,5h aprox.","_et_gb_content_width":""},"product_brand":[],"product_cat":[211],"product_tag":[],"class_list":{"0":"post-6098","1":"product","2":"type-product","3":"status-publish","4":"has-post-thumbnail","6":"product_cat-experiencias","8":"first","9":"instock","10":"sold-individually","11":"taxable","12":"shipping-taxable","13":"purchasable","14":"product-type-variable"},"_links":{"self":[{"href":"https:\/\/www.experienciesculturals.cat\/es\/wp-json\/wp\/v2\/product\/6098","targetHints":{"allow":["GET"]}}],"collection":[{"href":"https:\/\/www.experienciesculturals.cat\/es\/wp-json\/wp\/v2\/product"}],"about":[{"href":"https:\/\/www.experienciesculturals.cat\/es\/wp-json\/wp\/v2\/types\/product"}],"replies":[{"embeddable":true,"href":"https:\/\/www.experienciesculturals.cat\/es\/wp-json\/wp\/v2\/comments?post=6098"}],"wp:featuredmedia":[{"embeddable":true,"href":"https:\/\/www.experienciesculturals.cat\/es\/wp-json\/wp\/v2\/media\/6088"}],"wp:attachment":[{"href":"https:\/\/www.experienciesculturals.cat\/es\/wp-json\/wp\/v2\/media?parent=6098"}],"wp:term":[{"taxonomy":"product_brand","embeddable":true,"href":"https:\/\/www.experienciesculturals.cat\/es\/wp-json\/wp\/v2\/product_brand?post=6098"},{"taxonomy":"product_cat","embeddable":true,"href":"https:\/\/www.experienciesculturals.cat\/es\/wp-json\/wp\/v2\/product_cat?post=6098"},{"taxonomy":"product_tag","embeddable":true,"href":"https:\/\/www.experienciesculturals.cat\/es\/wp-json\/wp\/v2\/product_tag?post=6098"}],"curies":[{"name":"wp","href":"https:\/\/api.w.org\/{rel}","templated":true}]}}

<p>[et_pb_section fb_built=»1&#8243; custom_padding_last_edited=»on|desktop» admin_label=»Header» _builder_version=»4.16&#8243; background_color=»#242e42&#8243; background_image=»https://www.experienciesculturals.cat/wp-content/uploads/2021/12/rocas-dark.jpg» background_size=»contain» background_position=»top_center» custom_padding=»||0px||false|false» custom_padding_tablet=»0px||5vw» custom_padding_phone=»» box_shadow_vertical_tablet=»» box_shadow_vertical_phone=»» box_shadow_vertical_last_edited=»on|tablet» locked=»off» collapsed=»off» global_colors_info=»{}»][et_pb_row _builder_version=»4.16&#8243; module_alignment=»center» locked=»off» global_colors_info=»{}»][et_pb_column type=»4_4&#8243; _builder_version=»4.16&#8243; custom_padding=»|||» global_colors_info=»{}» custom_padding__hover=»|||»][et_pb_text _builder_version=»4.16&#8243; text_font=»Lato||||||||» text_font_size=»22px» text_line_height=»1.8em» header_font=»PT Serif|700|||||||» header_font_size=»80px» header_line_height=»1.2em» header_3_font_size=»46px» background_layout=»dark» text_font_size_tablet=»» text_font_size_phone=»18px» text_font_size_last_edited=»on|phone» header_font_size_tablet=»60px» header_font_size_phone=»36px» header_font_size_last_edited=»on|phone» global_colors_info=»{}»]</p>
<h1>Botiga</h1>
<p>[/et_pb_text][et_pb_divider color=»#ffffff» divider_weight=»5px» _builder_version=»4.16&#8243; max_width=»100px» locked=»off» global_colors_info=»{}»][/et_pb_divider][et_pb_text _builder_version=»4.16&#8243; _module_preset=»default» header_font=»Open Sans Condensed||||||||» header_font_size=»20px» header_2_font=»Open Sans Condensed|700|||||||» header_2_text_color=»#FFFFFF» header_2_font_size=»48px» global_colors_info=»{}»]</p>
<h2>Viu o Regala una Experiència Cultural!</h2>
<p>[/et_pb_text][/et_pb_column][/et_pb_row][/et_pb_section][et_pb_section fb_built=»1&#8243; _builder_version=»4.16&#8243; custom_padding=»0px||||false|false» collapsed=»off» global_colors_info=»{}»][et_pb_row _builder_version=»4.16&#8243; background_size=»initial» background_position=»top_left» background_repeat=»repeat» width=»100%» custom_padding=»0px||0px||false|false» global_colors_info=»{}»][et_pb_column type=»4_4&#8243; _builder_version=»4.16&#8243; custom_padding=»|||» global_colors_info=»{}» custom_padding__hover=»|||»][et_pb_wc_breadcrumb _builder_version=»4.16&#8243; global_colors_info=»{}»][/et_pb_wc_breadcrumb][et_pb_wc_cart_notice _builder_version=»4.16&#8243; global_colors_info=»{}»][/et_pb_wc_cart_notice][/et_pb_column][/et_pb_row][et_pb_row column_structure=»1_2,1_2&#8243; _builder_version=»4.16&#8243; background_size=»initial» background_position=»top_left» background_repeat=»repeat» width=»100%» custom_padding=»0px||||false|false» global_colors_info=»{}»][et_pb_column type=»1_2&#8243; _builder_version=»4.16&#8243; custom_padding=»|||» global_colors_info=»{}» custom_padding__hover=»|||»][et_pb_wc_images _builder_version=»4.16&#8243; global_colors_info=»{}»][/et_pb_wc_images][/et_pb_column][et_pb_column type=»1_2&#8243; _builder_version=»4.16&#8243; custom_padding=»|||» global_colors_info=»{}» custom_padding__hover=»|||»][et_pb_wc_title _builder_version=»4.16&#8243; global_colors_info=»{}»][/et_pb_wc_title][et_pb_wc_rating _builder_version=»4.16&#8243; global_colors_info=»{}»][/et_pb_wc_rating][et_pb_wc_price _builder_version=»4.16&#8243; global_colors_info=»{}»][/et_pb_wc_price][et_pb_wc_description _builder_version=»4.16&#8243; global_colors_info=»{}»][/et_pb_wc_description][et_pb_wc_add_to_cart _builder_version=»4.16&#8243; global_colors_info=»{}»][/et_pb_wc_add_to_cart][et_pb_wc_meta _builder_version=»4.16&#8243; global_colors_info=»{}»][/et_pb_wc_meta][/et_pb_column][/et_pb_row][et_pb_row _builder_version=»4.16&#8243; background_size=»initial» background_position=»top_left» background_repeat=»repeat» width=»100%» collapsed=»off» global_colors_info=»{}»][et_pb_column type=»4_4&#8243; _builder_version=»4.16&#8243; custom_padding=»|||» global_colors_info=»{}» custom_padding__hover=»|||»][et_pb_wc_tabs _builder_version=»4.16&#8243; global_colors_info=»{}»]					[/et_pb_wc_tabs][et_pb_wc_upsells _builder_version=»4.16&#8243; global_colors_info=»{}»][/et_pb_wc_upsells][et_pb_wc_related_products _builder_version=»4.16&#8243; global_colors_info=»{}»][/et_pb_wc_related_products][/et_pb_column][/et_pb_row][/et_pb_section]</p>

<p>A través de las Experiencias Culturales de Atri Cultura i Patrimoni os ofrecemos disfrutar de <strong>un viaje al pasado a través del patrimonio, la historia y el paisaje de la Selva histórica</strong>. Son diferentes propuestas para que podáis vivir o regalar una Experiencia Cultural.</p>
<p><strong><em>Una experiencia única y muy especial, ideal para grupos privados y reducidos!</em></strong></p>
<p><em>*Haciendo esta actividad / regalo estáis apoyando a pequeñas empresas familiares, como nosotros, a la vez que dais a conocer la historia y la cultura de nuestro país.</em></p>
<p><strong>Visita Cultural “Llagostera Medieval”</strong></p>

<strong>Descripción de la actividad:</strong>
<ul>
 	<li>Sobre una pequeña colina se alza el núcleo medieval de Llagostera, protegido por dos murallas.</li>
 	<li>Pasearemos por sus calles y plazas, que nos transportarán a la Llagostera del siglo XV, bajo los dominios de los barones de Llagostera y su castillo.</li>
 	<li>Subiremos a la torre de la Presó y reviviremos la historia de esta parte de la muralla, que sirvió para vigilar el entorno de la población y los caminos que pasan por ella, y donde después se encerraba a los condenados.</li>
 	<li>Retornaremos a la Llagostera medieval acompañados por un historiador y arqueólogo que ha investigado y que conoce de primera mano la Llagostera de hace seis siglos!</li>
</ul>
<strong>Incluye:</strong>
<ul>
 	<li>La realización de la Experiencia Cultural escogida con un historiador y/o arqueólogo profesional.</li>
 	<li>El vale se podrá canjear hasta el 30/11 del año en curso en una fecha concertada (grupo privado).</li>
</ul>
<strong>Condiciones de las actividades:</strong>
<ul>
 	<li>Experiencia disponible todo el año. Válido hasta el 30/11 del año en curso</li>
 	<li>Es necesario hacer la reserva con cierta antelación.</li>
 	<li><strong>Visitas culturales:</strong> la mayoría son en entornos urbanos, con predominio de exteriores, y son idóneas todo el año. El medio de locomoción es a pie y en general son aptas para todos los públicos. Para llegar al punto de encuentro del inicio de la actividad, se puede hacer en vehículo particular o en transporte público (autobús o tren), no incluido en el precio de la actividad.</li>
</ul>
La duración de la visita es de 1,5h aprox.
